i?
18
Let z(i) = i - 1. Let r be z(-2). Let b be 12/(-10)*15/r. Suppose 0 = -4*o + o + 144. Calculate the greatest common divisor of b and o.
6
Let q = -17 - -15. Let j be (84/(-30))/(q/5). Calculate the greatest common factor of j and 28.
7
Suppose 4*p = 5*x - 16, -5*p - 16 = 5*x - 41. Suppose t - 9 = 5*r, x*r - 14 = -2. Calculate the highest common divisor of t and 12.
12
Suppose 4*n - 4*q = 316, 0 = -3*n + q + q + 242. Calculate the highest common divisor of 12 and n.
12
Let x be 12 + -3 + -3 - -1. Suppose -4*r + 3*z + 19 = 0, 4*z - 48 + 15 = -3*r. What is the greatest common divisor of r and x?
7
Let c = 4 + -7. Let n be (-2)/(-6) - 2/c. Let v be (-1)/(((-4)/10)/2). Calculate the highest common divisor of v and n.
1
Let g be (3/6)/(1/50). Let f be ((-6)/5)/(-3) - (-1248)/130. What is the greatest common factor of g and f?
5
Let y be 14/(-7) - -3*1. Let b(d) = d**2 + 3*d - 4. Let p be b(-4). Suppose j + w - 8 = p, -j + 14 = 2*w + y. What is the highest common divisor of j and 12?
3
Let m = 5 - -14. Calculate the greatest common factor of 95 and m.
19
Suppose 4*v + p - 5 = -18, -4*v - 5*p = 1. Let z be -2 - v/8*6. Let n be (0 - 2)*22/(-4). What is the highest common factor of n and z?
1
Let c = 93 + -45. What is the greatest common divisor of c and 24?
24
Suppose -l + 2*l = 10. Let n = -6 + l. Let j be 600/9 - n/6. Calculate the highest common divisor of 6 and j.
6
Let y be -2 + (-2 + 27)*1. Suppose 0 = -3*n - 30 + 75. Suppose -q + n = -8. Calculate the greatest common factor of q and y.
23
Let n be ((-3)/1)/(9/(-12)). Suppose -d + 36 = 2*d. What is the greatest common factor of d and n?
4
Suppose 0*n = 4*n - 8. Suppose 13 = 5*y + n*v, 0 = -0*v + 3*v + 3. Let r be ((-22)/y)/((-4)/6). What is the highest common divisor of r and 11?
11
Let x(a) = 26*a**2 - 1. Let o be x(-1). Let z = o - 37. Let n be 1/(-1)*(0 + z). Calculate the highest common divisor of n and 108.
12
Let p be 1 + 1*9*1. Suppose -2*h = -2 - 0. Let y be 3 + -2 + h*14. Calculate the highest common factor of p and y.
5
Let v = 33 + -18. Let p be (-1)/((-3)/v - 0). Calculate the highest common divisor of p and 10.
5
Suppose -3*a + 0*a = -45. Calculate the greatest common divisor of a and 5.
5
Suppose 2*o + 20 = 4*c + o, -3*c - 2*o + 26 = 0. What is the highest common divisor of 78 and c?
6
Let f be 2/(-9) - ((-2928)/54 - 2). Calculate the greatest common factor of f and 70.
14
Let v = -929 + 955. Suppose -4*c - 5*j = -27, 4*c - j = 2*j + 67. What is the greatest common divisor of v and c?
13
Let s be ((-40)/(-35))/(-2 - 60/(-28)). What is the greatest common factor of 88 and s?
8
Let v = -6 + 116. Calculate the greatest common divisor of 44 and v.
22
Let a be 2/7 - (-141)/21. Suppose 0*v + 56 = 4*v. What is the highest common divisor of v and a?
7
Let x = -1 - -5. Let f(p) be the third derivative of p**4/8 + 11*p**2. Let z be f(x). Calculate the highest common divisor of z and 4.
4
Suppose 2*q = 4*q - 4. Let c = q - -2. Suppose -c*p - p = -90. Calculate the greatest common factor of 2 and p.
2
Let h(k) = -k**2 + 7*k - 4. Let i be h(6). Calculate the greatest common divisor of 10 and i.
2
Let k be (96/(-10))/(-7 - 346/(-50)). Calculate the greatest common factor of 15 and k.
15
Let o(f) = -f**3 + f + 8. Let w(s) = s**2 + s - 2. Let d be w(-2). Let a be o(d). Calculate the highest common divisor of a and 8.
8
Let h(l) = -l**3 + 19*l**2 - 16*l + 41. Let v be h(18). Calculate the greatest common factor of 7 and v.
7
Let m = -118 + 172. What is the highest common divisor of 12 and m?
6
Let x be ((-224)/(-35))/((-2)/(-5)). Calculate the highest common divisor of 96 and x.
16
Let s be 1/2 - (-34)/4. What is the highest common divisor of s and 81?
9
Let n(x) = 3*x**2 - 9*x + 1. Let r be n(6). What is the greatest common factor of r and 11?
11
Let l(n) = -n**2 - 10*n + 8. Let z be l(-12). Let s = -3 - z. Calculate the highest common divisor of 39 and s.
13
Let x(f) = -9*f**3 - 4*f**2 - 2*f. Let q = -17 + 12. Let r = q - -3. Let l be x(r). Calculate the greatest common factor of 15 and l.
15
Let o = -3 - -33. What is the greatest common divisor of 30 and o?
30
Suppose 5*w - 20 = 0, -52 = 3*s + w - 128. Suppose z - s = -z. Calculate the greatest common divisor of z and 48.
12
Let m(d) = 2*d**2 - 15*d - 8. Let s be m(13). What is the highest common divisor of 54 and s?
27
Suppose -4*y + 16 = 0, 5*m + 176 + 318 = y. Suppose -382 - 308 = 5*l - 4*f, 2*f = l + 138. Let n = m - l. Calculate the greatest common divisor of n and 10.
10
Suppose -2*w + 0 + 6 = 0. Suppose -w*j + 2*t = -286, 4*j + 0*t = -4*t + 388. Calculate the greatest common factor of 12 and j.
12
Let v be 57/4 - (-1)/(-4). Let o be 2/(-7) - (-4092)/v. Let b = o - 166. What is the greatest common factor of b and 14?
14
Let z(u) = 50*u**2 - u. Let q be z(1). Let b = 79 - q. Suppose -4*y + 86 = s - 4*s, 4*y + 5*s - 70 = 0. What is the highest common divisor of b and y?
10
Let z(r) = -r**2 - 3*r - 1. Let a be z(-2). Let x be (1 + -15)/(-2) - 0. What is the highest common divisor of x and a?
1
Let z be 1 - (3/(-1))/3. Let r be (-9)/z*16/(-6). Calculate the highest common divisor of r and 8.
4
Suppose -5*x = -0*x - 10. Let d = 2 + x. Suppose d*q + 72 = 8*q. What is the greatest common divisor of 6 and q?
6
Let l be 3*((0 - -2) + -1). Suppose -27 = l*y - 5*v - 107, v = -1. Calculate the greatest common divisor of y and 75.
25
Suppose 60 = -g - 3*g. Let d be g*1/((-20)/12). What is the highest common divisor of 72 and d?
9
Suppose 6*h - 47 - 7 = 0. Let j = -393 + 619. Let m = j + -127. What is the greatest common factor of m and h?
9
Suppose t + 5*x = 50, x = -3*x + 8. Suppose 1 = 2*y - 15. What is the highest common factor of t and y?
8
Let u = 6 - 3. Let b = 13 - u. What is the highest common divisor of b and 10?
10
Suppose 0 = -5*y - 6 - 4. Let d(i) = i**2 - 6*i. Let a be d(4). Let p be ((-8)/a)/((-1)/y). What is the highest common factor of p and 1?
1
Suppose -5*s + 51 = -29. Suppose 2*p + 24 = 5*p. Calculate the highest common factor of s and p.
8
Let w = -10 - -13. Suppose 2 - 26 = -4*r. Suppose g + r = w*g. Calculate the highest common divisor of 15 and g.
3
Suppose -d = -10 - 18. What is the greatest common divisor of 70 and d?
14
Let v = 43 + -26. Let a(x) = 4*x + v*x**3 - 3*x - 2*x. Let y be a(1). What is the greatest common factor of 80 and y?
16
Let q(w) = w**2 + 3*w + 8. Let u be q(-7). Suppose 3*b - 11 = 1. What is the highest common factor of b and u?
4
Let c(n) = n + 5. Let b be c(4). Suppose 4*k + y - 5 = 3*k, -b = -2*k - y. Calculate the highest common divisor of k and 20.
4
Suppose 3*i - 224 = -4*w + 145, -467 = -5*w + 2*i. Calculate the greatest common factor of w and 62.
31
Let a = -4 + 5. Let b be 209 - (0 + a + -1). Calculate the highest common divisor of 19 and b.
19
Suppose -3*h + h = -22. What is the greatest common divisor of h and 33?
11
Suppose 0 = -3*w + 3 + 3. Suppose w*l - 34 = -6. What is the greatest common divisor of 7 and l?
7
Let g(y) = 3*y**2 - y + 5. Let u be g(4). Suppose -2*j = -0*j - 5*c - u, -5*j = 3*c - 76. Let t = 16 - -1. What is the greatest common factor of j and t?
17
Suppose 3*n + a = 13, 3*n - a - 21 = -4. Suppose 5*j - 365 = n*d, 4*j - 52 = 3*d + 244. Calculate the greatest common factor of j and 7.
7
Let n = -17 - -73. What is the highest common factor of n and 14?
14
Let t = 1 - -2. Suppose -t*d + 476 = d. Calculate the highest common divisor of 17 and d.
17
Let c be ((-42)/9)/((-3)/108). What is the greatest common factor of 24 and c?
24
Let w(s) = 15*s + 6. Let a be w(4). Let f = -16 - -22. Calculate the greatest common factor of a and f.
6
Let r be -1 + 1 + (13 - (-2 - -2)). Calculate the highest common divisor of r and 39.
13
Suppose -53 = -z + 2*l, 19 = -z - l + 66. Suppose 6*y - y = -2*k + z, -4*k + 2*y = -38. What is the highest common factor of 60 and k?
12
Let w = -10 - -14. Let u be (4/(-5))/(1/(-5)). Suppose -2*s + 38 - 4 = -u*c, 0 = 5*s + w*c - 57. Calculate the highest common divisor of s and 13.
13
Suppose 1 = b - 22. Suppose 4*j - 21 = b. Suppose -q - 2 = -3. What is the highest common factor of j and q?
1
Let c = 28 - 21. Calculate the highest common divisor of 7 and c.
7
Let l be 3 + (-24)/4 + (-1 - -25). Calculate the greatest common factor of l and 42.
21
Let h be